alse
Is 22128725 a multiple of 27?
False
Is 286910436 a multiple of 6?
True
Does 15 divide 48115516?
False
Is 72 a factor of 1754352?
True
Does 449 divide 181207420?
True
Is 3 a factor of 848567165?
False
Is 476 a factor of 3037142960?
False
Does 10 divide 226129853?
False
Is 69785500 a multiple of 25?
True
Is 128152044 a multiple of 87?
True
Is 16620588 a multiple of 186?
True
Is 31216083 a multiple of 815?
False
Is 35047926 a multiple of 18?
True
Is 25 a factor of 327821475?
True
Is 321005055 a multiple of 185?
False
Does 1134 divide 1760834221?
False
Is 613042278 a multiple of 98?
False
Is 31 a factor of 583657553?
True
Is 12332 a factor of 762117600?
True
Does 967 divide 119666716?
False
Does 403 divide 783530332?
True
Does 11 divide 24238148?
True
Is 25 a factor of 949696000?
True
Does 329 divide 4439526?
True
Is 2373 a factor of 141810480?
True
Is 85 a factor of 13116888?
False
Is 51645988 a multiple of 42?
False
Does 144 divide 5254344?
False
Does 30 divide 298709068?
False
Does 14757 divide 1064490152?
False
Is 1851 a factor of 342414639?
True
Is 19 a factor of 85497644?
True
Does 12 divide 2984736?
True
Is 21 a factor of 286102787?
False
Does 335 divide 1843967635?
True
Is 10 a factor of 154719610?
True
Does 723 divide 67741716?
False
Is 415955894 a multiple of 924?
False
Does 9 divide 11404737?
True
Does 3242 divide 965501145?
False
Is 42614001 a multiple of 207?
False
Is 1441878 a multiple of 124?
False
Is 154 a factor of 553747810?
True
Is 444833942 a multiple of 16?
False
Does 28 divide 95973024?
True
Does 444 divide 5802034?
False
Is 578107522 a multiple of 549?
False
Is 353 a factor of 83479911?
True
Is 166 a factor of 226454876?
True
Is 359 a factor of 31586498?
False
Is 2830 a factor of 627576534?
False
Does 100 divide 228392000?
True
Does 239 divide 198415410?
True
Is 98137305 a multiple of 189?
True
Does 47 divide 28883780?
False
Does 9 divide 134870866?
False
Is 47254202 a multiple of 863?
False
Is 878 a factor of 62666372?
True
Is 10792 a factor of 3406699848?
True
Is 16 a factor of 5545560?
False
Is 46706229 a multiple of 9?
True
Is 1013719134 a multiple of 50?
False
Is 973 a factor of 465573689?
True
Does 176 divide 8903399?
False
Is 162 a factor of 1791262350?
True
Is 60345024 a multiple of 74?
False
Does 320 divide 496256260?
False
Does 767 divide 588216188?
False
Is 38 a factor of 51939844?
True
Is 24 a factor of 65498352?
True
Does 1580 divide 1628343260?
True
Is 2366 a factor of 200031030?
False
Is 12 a factor of 4907019510?
False
Is 3701 a factor of 1004723666?
False
Is 9533 a multiple of 4?
False
Is 2663150 a multiple of 14?
True
Is 169 a factor of 66005823?
True
Is 2102 a factor of 180288540?
True
Does 26 divide 23336612?
True
Is 35 a factor of 18344620?
True
Does 6 divide 15323648?
False
Is 5414253 a multiple of 876?
False
Does 460 divide 475786866?
False
Is 4 a factor of 141966281?
False
Is 1844586765 a multiple of 63?
True
Is 72711975 a multiple of 1275?
True
Is 92 a factor of 7370856?
True
Is 10 a factor of 1000152320?
True
Is 11 a factor of 7457252?
True
Is 45665711 a multiple of 78?
False
Is 2203 a factor of 1416059743?
False
Is 445869296 a multiple of 436?
True
Does 2296 divide 281277628?
False
Is 98 a factor of 1046387454?
True
Is 6 a factor of 150665353?
False
Does 4593 divide 145576682?
False
Does 127 divide 148565870?
True
Is 251 a factor of 469337119?
True
Is 169089216 a multiple of 4?
True
Is 346 a factor of 87004677?
False
Does 39 divide 33696780?
True
Does 11 divide 85638343?
False
Does 432 divide 46899893?
False
Is 47 a factor of 125760344?
True
Is 498 a factor of 77355062?
False
Is 22 a factor of 15194535?
False
Is 209 a factor of 6613387?
True
Does 969 divide 264043779?
True
Is 191 a factor of 129701479?
False
Does 33 divide 11221617?
True
Does 123 divide 251644839?
True
Is 224 a factor of 103509728?
True
Is 51156166 a multiple of 340?
False
Is 78 a factor of 48173027?
False
Is 19 a factor of 145372439?
True
Is 96032438 a multiple of 2098?
False
Is 24 a factor of 68225208?
True
Is 54492592 a multiple of 22?
True
Is 138254 a multiple of 19?
False
Is 227774870 a multiple of 2732?
False
Does 9 divide 1431070?
False
Is 430254360 a multiple of 7368?
True
Is 22 a factor of 154267454?
True
Is 3260180 a multiple of 770?
True
Does 232 divide 419156488?
True
Is 202715748 a multiple of 333?
True
Does 19 divide 52265344?
False
Is 67 a factor of 352797977?
False
Does 259 divide 1093498?
True
Does 1743 divide 45100484?
False
Does 4 divide 731059?
False
Is 26 a factor of 14966907?
False
Is 37 a factor of 1210423365?
True
Is 25100578 a multiple of 1919?
False
Is 1405290 a multiple of 15?
True
Is 47 a factor of 24580060?
True
Does 9 divide 784999863?
True
Is 901489600 a multiple of 655?
True
Is 119445888 a multiple of 512?
False
Does 8013 divide 394584159?
True
Does 3 divide 18821309?
False
Does 1875 divide 31143895?
False
Is 111 a factor of 797741460?
True
Is 80869117 a multiple of 190?
False
Is 475245350 a multiple of 64?
False
Does 28 divide 51466296?
True
Does 195 divide 7533240?
True
Is 96 a factor of 145059072?
True
Does 67 divide 105902679?
True
Is 27 a factor of 1697305828?
False
Is 1150 a factor of 190266350?
True
Does 18 divide 1472794146?
True
Is 203 a factor of 775633524?
False
Is 103899190 a multiple of 15?
False
Is 5 a factor of 454649310?
True
Is 593725544 a multiple of 34?
True
Is 83 a factor of 23433?
False
Is 11276000 a multiple of 56?
False
Is 93718 a multiple of 180?
False
Does 11 divide 109789933?
True
Is 390 a factor of 129835680?
True
Is 11 a factor of 24787525?
False
Is 59 a factor of 58831616?
False
Does 1354 divide 123337214?
True
Does 22 divide 620055436?
True
Does 118 divide 2398262444?
True
Is 87991125 a multiple of 2419?
True
Is 383 a factor of 879339644?
False
Is 395010742 a multiple of 34?
True
Does 21 divide 2648604?
True
Is 85 a factor of 43355888?
False
Is 1861699002 a multiple of 4726?
True
Is 187110044 a multiple of 428?
True
Is 196 a factor of 2417660?
True
Is 53 a factor of 891867199?
True
Is 4 a factor of 49297816?
True
Is 1694899490 a multiple of 28?
False
Is 21383156 a multiple of 79?
False
Is 1109 a factor of 37055017?
True
Does 505 divide 44454565?
False
Does 769 divide 490238553?
False
Is 267000413 a multiple of 29?
False
Is 6092393 a multiple of 15?
False
Is 57912776 a multiple of 1117?
False
Is 4467 a factor of 92569641?
True
Is 769 a factor of 686956159?
True
Does 673 divide 11909222?
False
Is 19 a factor of 25433552?
True
Is 175 a factor of 478207450?
True
Is 3246 a factor of 577083787?
False
Is 25 a factor of 474308175?
True
Is 292 a factor of 389586982?
False
Is 439 a factor of 237952696?
False
Is 370 a factor of 6650380?
True
Does 78 divide 10210111?
False
Does 212 divide 234327628?
True
Does 74 divide 1134758?
False
Is 398441875 a multiple of 25?
True
Is 1105498208 a multiple of 35?
False
Is 7963071 a multiple of 57?
True
Is 101 a factor of 7446326?
True
Is 144 a factor of 2967006?
False
Is 181 a factor of 1682648623?
False
Is 162 a factor of 3174379909?
False
Does 8 divide 72824068?
False
Is 1363 a factor of 3037175626?
True
Does 37 divide 1268867327?
False
Is 32 a factor of 2365689?
False
Does 219 divide 26501615?
False
Does 95 divide 73075775?
False
Is 19 a factor of 3149497?
True
Is 229718797 a multiple of 83?
False
Is 2 a factor of 11244472?
True
Is 261616764 a multiple of 701?
False
Is 2731 a factor of 148891496?
False
Does 108 divide 43426692?
True
Is 23 a factor of 25863822?
True
Is 41 a factor of 326368487?
True
Is 1132 a factor of 4728874?
False
Is 36870521 even?
False
Is 7690812 a multiple of 4?
True
Does 623 divide 1080945676?
False
Is 13271310 a multiple of 3781?
True
Is 122 a factor of 118920977?
False
Does 6 divide 930643032?
True
Is 847 a factor of 101225323?
False
Does 25 divide 1091625901?
False
Is 22 a factor of 158582322?
False
Is 112 a factor of 11051824?
True
Is 54 a factor of 336587508?
True
Is 38376620 a multiple of 316?
True
Is 271 a factor of 52903118?
False
Is 37358332 a multiple of 75?
False
Does 712 divide 79143784?
True
Does 133 divide 57580364?
False
Does 92 divide 971375100?
True
Does 66 divide 571080516?
False
Is 107 a factor of 1755375?
False
Is 377 a factor of 11233846?
True
Is 949313975 a multiple of 5?
True
Is 50788439